{"id":800,"date":"2023-10-16T13:23:52","date_gmt":"2023-10-16T11:23:52","guid":{"rendered":"https:\/\/ariesstudy.se\/?page_id=800"},"modified":"2026-04-14T16:23:37","modified_gmt":"2026-04-14T14:23:37","slug":"databehandling","status":"publish","type":"page","link":"https:\/\/ariesstudy.se\/?page_id=800","title":{"rendered":"Databehandling"},"content":{"rendered":"\t\t<div data-elementor-type=\"wp-page\" data-elementor-id=\"800\" class=\"elementor elementor-800\" data-elementor-post-type=\"page\">\n\t\t\t\t<div class=\"elementor-element elementor-element-321ce63 e-flex e-con-boxed e-con e-parent\" data-id=\"321ce63\" data-element_type=\"container\" data-e-type=\"container\">\n\t\t\t\t\t<div class=\"e-con-inner\">\n\t\t<div class=\"elementor-element elementor-element-a7c2255 e-con-full e-flex e-con e-child\" data-id=\"a7c2255\" data-element_type=\"container\" data-e-type=\"container\">\n\t\t\t\t<div class=\"elementor-element elementor-element-cdf69dd elementor-widget elementor-widget-heading\" data-id=\"cdf69dd\" data-element_type=\"widget\" data-e-type=\"widget\" data-widget_type=\"heading.default\">\n\t\t\t\t<div class=\"elementor-widget-container\">\n\t\t\t\t\t<h2 class=\"elementor-heading-title elementor-size-default\">Databehandling<\/h2>\t\t\t\t<\/div>\n\t\t\t\t<\/div>\n\t\t<div class=\"elementor-element elementor-element-99b4fe8 e-flex e-con-boxed e-con e-child\" data-id=\"99b4fe8\" data-element_type=\"container\" data-e-type=\"container\" data-settings=\"{&quot;background_background&quot;:&quot;classic&quot;}\">\n\t\t\t\t\t<div class=\"e-con-inner\">\n\t\t\t\t<div class=\"elementor-element elementor-element-ff2264f elementor-widget elementor-widget-heading\" data-id=\"ff2264f\" data-element_type=\"widget\" data-e-type=\"widget\" data-widget_type=\"heading.default\">\n\t\t\t\t<div class=\"elementor-widget-container\">\n\t\t\t\t\t<h3 class=\"elementor-heading-title elementor-size-default\">Behandling av insamlad data<\/h3>\t\t\t\t<\/div>\n\t\t\t\t<\/div>\n\t\t\t\t\t<\/div>\n\t\t\t\t<\/div>\n\t\t\t\t<div class=\"elementor-element elementor-element-cb0e431 elementor-widget elementor-widget-text-editor\" data-id=\"cb0e431\" data-element_type=\"widget\" data-e-type=\"widget\" data-widget_type=\"text-editor.default\">\n\t\t\t\t<div class=\"elementor-widget-container\">\n\t\t\t\t\t\t\t\t\t<p><span data-contrast=\"auto\">Pseudonymiserad (kodad) eller anonymiserad (avidentifierad) data kan komma att analyseras av samarbetande forskargrupper i Sverige och inom och utanf\u00f6r EU\/EES, t.ex. till USA och Storbritannien, b\u00e5de inom akademi och industri. Genom avtal s\u00e4kerst\u00e4ller vi att mottagande analyserande laboratorier i t.ex. USA och Storbritannien har likv\u00e4rdig s\u00e4kerhetsniv\u00e5 och att data inte skickas vidare till en tredje part.<\/span><span data-ccp-props=\"{}\">\u00a0<\/span><\/p><p><span data-ccp-props=\"{}\">\u00a0<\/span><\/p><p><span data-contrast=\"auto\">Alla resultat fr\u00e5n studien kommer att redovisas p\u00e5 gruppniv\u00e5. D\u00e4rmed kommer inga uppgifter p\u00e5 individniv\u00e5 att f\u00f6rekomma. Forskningsresultaten kan komma att bidra till utveckling av kommersiella produkter av vilka du inte kan f\u00e5 ekonomisk vinning.<\/span><span data-ccp-props=\"{}\">\u00a0<\/span><\/p>\t\t\t\t\t\t\t\t<\/div>\n\t\t\t\t<\/div>\n\t\t<div class=\"elementor-element elementor-element-5e3a97b e-flex e-con-boxed e-con e-child\" data-id=\"5e3a97b\" data-element_type=\"container\" data-e-type=\"container\" data-settings=\"{&quot;background_background&quot;:&quot;classic&quot;}\">\n\t\t\t\t\t<div class=\"e-con-inner\">\n\t\t\t\t<div class=\"elementor-element elementor-element-6204c9c elementor-widget elementor-widget-heading\" data-id=\"6204c9c\" data-element_type=\"widget\" data-e-type=\"widget\" data-widget_type=\"heading.default\">\n\t\t\t\t<div class=\"elementor-widget-container\">\n\t\t\t\t\t<h3 class=\"elementor-heading-title elementor-size-default\">Hur skyddar vi dina uppgifter?<\/h3>\t\t\t\t<\/div>\n\t\t\t\t<\/div>\n\t\t\t\t\t<\/div>\n\t\t\t\t<\/div>\n\t\t\t\t<div class=\"elementor-element elementor-element-393307b elementor-widget elementor-widget-text-editor\" data-id=\"393307b\" data-element_type=\"widget\" data-e-type=\"widget\" data-widget_type=\"text-editor.default\">\n\t\t\t\t<div class=\"elementor-widget-container\">\n\t\t\t\t\t\t\t\t\t<p><span class=\"TextRun SCXW164835559 BCX9\" lang=\"SV-SE\" xml:lang=\"SV-SE\" data-contrast=\"none\"><span class=\"NormalTextRun SCXW164835559 BCX9\">I studien hanteras alla prover och data p\u00e5 ett s\u00e4kert s\u00e4tt f\u00f6r att skydda din integritet. Ett forskningsregister kommer att uppr\u00e4ttas och all data lagras i en s\u00e4ker databas som bara beh\u00f6rig studiepersonal har tillg\u00e5ng till. Uppgifterna skyddas enligt EU:s dataskyddsf\u00f6rordning, GDPR. Ansvarig f\u00f6r behandling av dina personuppgifter och f\u00f6r biobanken d\u00e4r proverna f\u00f6rvaras \u00e4r Karolinska Institutet: dataskyddsombud p\u00e5 Karolinska Institutet, 171 77 Stockholm, tfn: <strong>08-524 800 00<\/strong>, epost: <strong>dataskyddsombud@ki.se<\/strong>. Du har \u00e4ven r\u00e4tt att inge klagom\u00e5l till Integritetsskyddsmyndigheten om du tycker att vi behandlar dina personuppgifter p\u00e5 ett felaktigt s\u00e4tt, telefon <strong>08-657 61 00<\/strong> eller epost till <\/span><\/span><strong><span class=\"TextRun Underlined SCXW164835559 BCX9\" lang=\"SV-SE\" xml:lang=\"SV-SE\" data-contrast=\"none\"><span class=\"NormalTextRun SCXW164835559 BCX9\" data-ccp-charstyle=\"Hyperlink\">imy@imy.se<\/span><\/span><\/strong><span class=\"TextRun SCXW164835559 BCX9\" lang=\"SV-SE\" xml:lang=\"SV-SE\" data-contrast=\"none\"><span class=\"NormalTextRun SCXW164835559 BCX9\">.<\/span><\/span><span class=\"EOP SCXW164835559 BCX9\" data-ccp-props=\"{}\">\u00a0<\/span><\/p>\t\t\t\t\t\t\t\t<\/div>\n\t\t\t\t<\/div>\n\t\t<div class=\"elementor-element elementor-element-aecfe4a e-flex e-con-boxed e-con e-child\" data-id=\"aecfe4a\" data-element_type=\"container\" data-e-type=\"container\" data-settings=\"{&quot;background_background&quot;:&quot;classic&quot;}\">\n\t\t\t\t\t<div class=\"e-con-inner\">\n\t\t\t\t<div class=\"elementor-element elementor-element-fc8997a elementor-widget elementor-widget-heading\" data-id=\"fc8997a\" data-element_type=\"widget\" data-e-type=\"widget\" data-widget_type=\"heading.default\">\n\t\t\t\t<div class=\"elementor-widget-container\">\n\t\t\t\t\t<h3 class=\"elementor-heading-title elementor-size-default\">Hur skyddar vi dina prov?<\/h3>\t\t\t\t<\/div>\n\t\t\t\t<\/div>\n\t\t\t\t\t<\/div>\n\t\t\t\t<\/div>\n\t\t\t\t<div class=\"elementor-element elementor-element-497c16e elementor-widget elementor-widget-text-editor\" data-id=\"497c16e\" data-element_type=\"widget\" data-e-type=\"widget\" data-widget_type=\"text-editor.default\">\n\t\t\t\t<div class=\"elementor-widget-container\">\n\t\t\t\t\t\t\t\t\t<p><span class=\"TextRun SCXW52459192 BCX9\" lang=\"SV-SE\" xml:lang=\"SV-SE\" data-contrast=\"none\"><span class=\"NormalTextRun SCXW52459192 BCX9\">Dina prover kommer att registreras och sparas i en biobank p\u00e5 Karolinska Institutet, (reg. nr 222).\u00a0 Biobanken ansvarar f\u00f6r att prov \u00e4r s\u00e4kert f\u00f6rvarade enligt lagen om biobanker (2023:38) och anv\u00e4nds i den forskning som beskrivs h\u00e4r. Alla prov \u00e4r kodade p\u00e5 ett s\u00e4tt som s\u00e4kerst\u00e4ller att inga obeh\u00f6riga kan koppla n\u00e5got prov eller provsvar till dig som enskild person. Kodade prover kan komma att skickas f\u00f6r analys till samarbetspartners laboratorier i Sverige och inom och utanf\u00f6r EU\/EES, t.ex. till USA och Storbritannien. Genom avtal s\u00e4kerst\u00e4ller vi att mottagande laboratorier i USA och Storbritannien har likv\u00e4rdigs\u00e4kerhetsniv\u00e5. Prov kommer att f\u00f6rst\u00f6ras eller skickas tillbaka till KI Biobank efter avslutad analys.<\/span><\/span><span class=\"EOP SCXW52459192 BCX9\" data-ccp-props=\"{}\">\u00a0<\/span><\/p>\t\t\t\t\t\t\t\t<\/div>\n\t\t\t\t<\/div>\n\t\t\t\t<\/div>\n\t\t<div class=\"elementor-element elementor-element-2f20d17 e-con-full e-flex e-con e-child\" data-id=\"2f20d17\" data-element_type=\"container\" data-e-type=\"container\">\n\t\t\t\t<div class=\"elementor-element elementor-element-b1913f4 elementor-widget__width-initial elementor-hidden-mobile elementor-toc--content-ellipsis elementor-toc--minimized-on-tablet elementor-widget elementor-widget-table-of-contents\" data-id=\"b1913f4\" data-element_type=\"widget\" data-e-type=\"widget\" data-settings=\"{&quot;exclude_headings_by_selector&quot;:[],&quot;headings_by_tags&quot;:[&quot;h3&quot;],&quot;marker_view&quot;:&quot;bullets&quot;,&quot;icon&quot;:{&quot;value&quot;:&quot;&quot;,&quot;library&quot;:&quot;&quot;},&quot;sticky&quot;:&quot;top&quot;,&quot;no_headings_message&quot;:&quot;No headings were found on this page.&quot;,&quot;minimize_box&quot;:&quot;yes&quot;,&quot;minimized_on&quot;:&quot;tablet&quot;,&quot;hierarchical_view&quot;:&quot;yes&quot;,&quot;min_height&quot;:{&quot;unit&quot;:&quot;px&quot;,&quot;size&quot;:&quot;&quot;,&quot;sizes&quot;:[]},&quot;min_height_tablet&quot;:{&quot;unit&quot;:&quot;px&quot;,&quot;size&quot;:&quot;&quot;,&quot;sizes&quot;:[]},&quot;min_height_mobile&quot;:{&quot;unit&quot;:&quot;px&quot;,&quot;size&quot;:&quot;&quot;,&quot;sizes&quot;:[]},&quot;sticky_on&quot;:[&quot;desktop&quot;,&quot;tablet&quot;,&quot;mobile&quot;],&quot;sticky_offset&quot;:0,&quot;sticky_effects_offset&quot;:0,&quot;sticky_anchor_link_offset&quot;:0}\" data-widget_type=\"table-of-contents.default\">\n\t\t\t\t<div class=\"elementor-widget-container\">\n\t\t\t\t\t\t\t\t\t<div class=\"elementor-toc__header\">\n\t\t\t\t\t\t<h2 class=\"elementor-toc__header-title\">\n\t\t\t\tSidinneh\u00e5ll\t\t\t<\/h2>\n\t\t\t\t\t\t\t\t\t\t<div class=\"elementor-toc__toggle-button elementor-toc__toggle-button--expand\" role=\"button\" tabindex=\"0\" aria-controls=\"elementor-toc__b1913f4\" aria-expanded=\"true\" aria-label=\"Open table of contents\"><i aria-hidden=\"true\" class=\"fas fa-chevron-down\"><\/i><\/div>\n\t\t\t\t<div class=\"elementor-toc__toggle-button elementor-toc__toggle-button--collapse\" role=\"button\" tabindex=\"0\" aria-controls=\"elementor-toc__b1913f4\" aria-expanded=\"true\" aria-label=\"Close table of contents\"><i aria-hidden=\"true\" class=\"fas fa-chevron-up\"><\/i><\/div>\n\t\t\t\t\t<\/div>\n\t\t\t\t<div id=\"elementor-toc__b1913f4\" class=\"elementor-toc__body\">\n\t\t\t<div class=\"elementor-toc__spinner-container\">\n\t\t\t\t<i class=\"elementor-toc__spinner eicon-animation-spin eicon-loading\" aria-hidden=\"true\"><\/i>\t\t\t<\/div>\n\t\t<\/div>\n\t\t\t\t\t\t<\/div>\n\t\t\t\t<\/div>\n\t\t\t\t<\/div>\n\t\t\t\t\t<\/div>\n\t\t\t\t<\/div>\n\t\t\t\t<\/div>\n\t\t","protected":false},"excerpt":{"rendered":"<p>Databehandling Behandling av insamlad data Pseudonymiserad (kodad) eller anonymiserad (avidentifierad) data kan komma att analyseras av samarbetande forskargrupper i Sverige och inom och utanf\u00f6r EU\/EES, t.ex. till USA och Storbritannien, b\u00e5de inom akademi och industri. Genom avtal s\u00e4kerst\u00e4ller vi att mottagande analyserande laboratorier i t.ex. USA och Storbritannien har likv\u00e4rdig s\u00e4kerhetsniv\u00e5 och att data inte [&hellip;]<\/p>\n","protected":false},"author":51,"featured_media":0,"parent":0,"menu_order":0,"comment_status":"closed","ping_status":"closed","template":"elementor_header_footer","meta":{"footnotes":""},"class_list":["post-800","page","type-page","status-publish","hentry"],"blocksy_meta":[],"_links":{"self":[{"href":"https:\/\/ariesstudy.se\/index.php?rest_route=\/wp\/v2\/pages\/800","targetHints":{"allow":["GET"]}}],"collection":[{"href":"https:\/\/ariesstudy.se\/index.php?rest_route=\/wp\/v2\/pages"}],"about":[{"href":"https:\/\/ariesstudy.se\/index.php?rest_route=\/wp\/v2\/types\/page"}],"author":[{"embeddable":true,"href":"https:\/\/ariesstudy.se\/index.php?rest_route=\/wp\/v2\/users\/51"}],"replies":[{"embeddable":true,"href":"https:\/\/ariesstudy.se\/index.php?rest_route=%2Fwp%2Fv2%2Fcomments&post=800"}],"version-history":[{"count":37,"href":"https:\/\/ariesstudy.se\/index.php?rest_route=\/wp\/v2\/pages\/800\/revisions"}],"predecessor-version":[{"id":2363,"href":"https:\/\/ariesstudy.se\/index.php?rest_route=\/wp\/v2\/pages\/800\/revisions\/2363"}],"wp:attachment":[{"href":"https:\/\/ariesstudy.se\/index.php?rest_route=%2Fwp%2Fv2%2Fmedia&parent=800"}],"curies":[{"name":"wp","href":"https:\/\/api.w.org\/{rel}","templated":true}]}}